{"id":117,"date":"2024-04-11T21:36:19","date_gmt":"2024-04-11T19:36:19","guid":{"rendered":"https:\/\/quagga.re\/?page_id=117"},"modified":"2026-01-23T22:40:01","modified_gmt":"2026-01-23T21:40:01","slug":"representations-du-quagga-xixeme-siecle","status":"publish","type":"page","link":"https:\/\/quagga.re\/index.php\/representations-du-quagga-xixeme-siecle\/","title":{"rendered":"Repr\u00e9sentations du quagga XIX\u00e8me si\u00e8cle"},"content":{"rendered":"\n<p>Le quagga et la jument de <a href=\"https:\/\/quagga.re\/index.php\/lord-morton\/\" data-type=\"page\" data-id=\"65\">Lord Morton <\/a>, l&rsquo;\u00e9talon noir et leurs descendants ont \u00e9t\u00e9 peints par le peintre naturaliste Jacques-Laurent Agasse, sur commande de sir Everard Home,. Ce chirurgien anglais stup\u00e9fait par ce cas incontestable d\u00e9montrant la communication nerveuse m\u00e8re enfant, un cas d&rsquo;imagination maternelle !!<\/p>\n\n\n\n<p> Les peintures sont toujours visibles aujourd&rsquo;hui dans les <a href=\"http:\/\/surgicat.rcseng.ac.uk\/Details\/collect\/46018\">archives <\/a>du Royal College of Surgeons \u00e0 Londres.<\/p>\n\n\n\n<figure class=\"wp-block-image size-large\"><img loading=\"lazy\" decoding=\"async\" width=\"1024\" height=\"719\" src=\"https:\/\/quagga.re\/wp-content\/uploads\/2026\/01\/TableauxAgasse-1024x719.jpeg\" alt=\"\" class=\"wp-image-335\" srcset=\"https:\/\/quagga.re\/wp-content\/uploads\/2026\/01\/TableauxAgasse-1024x719.jpeg 1024w, https:\/\/quagga.re\/wp-content\/uploads\/2026\/01\/TableauxAgasse-300x211.jpeg 300w, https:\/\/quagga.re\/wp-content\/uploads\/2026\/01\/TableauxAgasse-768x539.jpeg 768w, https:\/\/quagga.re\/wp-content\/uploads\/2026\/01\/TableauxAgasse.jpeg 1490w\" sizes=\"auto, (max-width: 1024px) 100vw, 1024px\" \/><\/figure>\n\n\n\n<p>Pour vous donner envie de mieux comprendre ce qui a d\u00e9clench\u00e9 la stup\u00e9faction de Lord Morton et sir Everard Home, voila un petit r\u00e9sum\u00e9 des croisements impliquant le quagga et la jument de Lord Morton ainsi que l&rsquo;\u00e9talon noir de son ami <sup data-fn=\"868fa427-6f46-4c93-b4f0-51a7558e88d3\" class=\"fn\"><a href=\"#868fa427-6f46-4c93-b4f0-51a7558e88d3\" id=\"868fa427-6f46-4c93-b4f0-51a7558e88d3-link\">1<\/a><\/sup>. La suite dans les chapitres 2 et 3 de Chronique d&rsquo;une esp\u00e8ce disparue.<\/p>\n\n\n\n<figure class=\"wp-block-image size-large\"><img loading=\"lazy\" decoding=\"async\" width=\"1024\" height=\"645\" src=\"https:\/\/quagga.re\/wp-content\/uploads\/2026\/01\/SchemaCroisements-1024x645.jpeg\" alt=\"\" class=\"wp-image-334\" srcset=\"https:\/\/quagga.re\/wp-content\/uploads\/2026\/01\/SchemaCroisements-1024x645.jpeg 1024w, https:\/\/quagga.re\/wp-content\/uploads\/2026\/01\/SchemaCroisements-300x189.jpeg 300w, https:\/\/quagga.re\/wp-content\/uploads\/2026\/01\/SchemaCroisements-768x484.jpeg 768w, https:\/\/quagga.re\/wp-content\/uploads\/2026\/01\/SchemaCroisements.jpeg 1358w\" sizes=\"auto, (max-width: 1024px) 100vw, 1024px\" \/><\/figure>\n\n\n\n<figure class=\"wp-block-image size-large\"><img loading=\"lazy\" decoding=\"async\" width=\"1024\" height=\"805\" src=\"https:\/\/quagga.re\/wp-content\/uploads\/2026\/01\/Quahkah-1024x805.jpg\" alt=\"\" class=\"wp-image-337\" srcset=\"https:\/\/quagga.re\/wp-content\/uploads\/2026\/01\/Quahkah-1024x805.jpg 1024w, https:\/\/quagga.re\/wp-content\/uploads\/2026\/01\/Quahkah-300x236.jpg 300w, https:\/\/quagga.re\/wp-content\/uploads\/2026\/01\/Quahkah-768x604.jpg 768w, https:\/\/quagga.re\/wp-content\/uploads\/2026\/01\/Quahkah-1536x1208.jpg 1536w, https:\/\/quagga.re\/wp-content\/uploads\/2026\/01\/Quahkah-2048x1610.jpg 2048w\" sizes=\"auto, (max-width: 1024px) 100vw, 1024px\" \/><\/figure>\n\n\n\n<p>The&nbsp;Quahkah &#8211; Tableau de Daniell Samuel- 1804<\/p>\n\n\n\n<p>Source (Image ID: SIL-SIL28-276-06 )&nbsp;&nbsp;<a href=\"https:\/\/library.si.edu\/image-gallery\/106385\">https:\/\/library.si.edu\/image-gallery\/106385<\/a>. <sup data-fn=\"3057c532-59ae-4364-901b-581633f00194\" class=\"fn\"><a href=\"#3057c532-59ae-4364-901b-581633f00194\" id=\"3057c532-59ae-4364-901b-581633f00194-link\">2<\/a><\/sup><\/p>\n\n\n\n<p><\/p>\n\n\n\n<p><\/p>\n\n\n\n<figure class=\"wp-block-image size-full\"><img loading=\"lazy\" decoding=\"async\" width=\"512\" height=\"512\" src=\"https:\/\/quagga.re\/wp-content\/uploads\/2024\/04\/cropped-JamesDeCarleSowerby1824.jpeg\" alt=\"\" class=\"wp-image-209\" srcset=\"https:\/\/quagga.re\/wp-content\/uploads\/2024\/04\/cropped-JamesDeCarleSowerby1824.jpeg 512w, https:\/\/quagga.re\/wp-content\/uploads\/2024\/04\/cropped-JamesDeCarleSowerby1824-300x300.jpeg 300w, https:\/\/quagga.re\/wp-content\/uploads\/2024\/04\/cropped-JamesDeCarleSowerby1824-150x150.jpeg 150w, https:\/\/quagga.re\/wp-content\/uploads\/2024\/04\/cropped-JamesDeCarleSowerby1824-270x270.jpeg 270w, https:\/\/quagga.re\/wp-content\/uploads\/2024\/04\/cropped-JamesDeCarleSowerby1824-192x192.jpeg 192w, https:\/\/quagga.re\/wp-content\/uploads\/2024\/04\/cropped-JamesDeCarleSowerby1824-180x180.jpeg 180w, https:\/\/quagga.re\/wp-content\/uploads\/2024\/04\/cropped-JamesDeCarleSowerby1824-32x32.jpeg 32w\" sizes=\"auto, (max-width: 512px) 100vw, 512px\" \/><figcaption class=\"wp-element-caption\">Screenshot<\/figcaption><\/figure>\n\n\n\n<figure class=\"wp-block-image size-large\"><img loading=\"lazy\" decoding=\"async\" width=\"1024\" height=\"670\" src=\"https:\/\/quagga.re\/wp-content\/uploads\/2026\/01\/ThequaggaHarris-1024x670.jpg\" alt=\"\" class=\"wp-image-289\" srcset=\"https:\/\/quagga.re\/wp-content\/uploads\/2026\/01\/ThequaggaHarris-1024x670.jpg 1024w, https:\/\/quagga.re\/wp-content\/uploads\/2026\/01\/ThequaggaHarris-300x196.jpg 300w, https:\/\/quagga.re\/wp-content\/uploads\/2026\/01\/ThequaggaHarris-768x502.jpg 768w, https:\/\/quagga.re\/wp-content\/uploads\/2026\/01\/ThequaggaHarris.jpg 1092w\" sizes=\"auto, (max-width: 1024px) 100vw, 1024px\" \/><\/figure>\n\n\n\n<p><em>Equus quagga<\/em> \u2013 The quagga&nbsp;&nbsp;&#8211; Portraits of the&nbsp;game&nbsp;and&nbsp;wild&nbsp;animals&nbsp;of&nbsp;Southern Africa&nbsp;Captain&nbsp;Cornwallis Harris, 1840<\/p>\n\n\n<ol class=\"wp-block-footnotes\"><li id=\"868fa427-6f46-4c93-b4f0-51a7558e88d3\">Thanks Celeste et St\u00e9phane  <a href=\"#868fa427-6f46-4c93-b4f0-51a7558e88d3-link\" aria-label=\"Aller \u00e0 la note de bas de page 1\">\u21a9\ufe0e<\/a><\/li><li id=\"3057c532-59ae-4364-901b-581633f00194\"> <a href=\"#3057c532-59ae-4364-901b-581633f00194-link\" aria-label=\"Aller \u00e0 la note de bas de page 2\">\u21a9\ufe0e<\/a><\/li><\/ol>","protected":false},"excerpt":{"rendered":"<p>Le quagga et la jument de Lord Morton , l&rsquo;\u00e9talon noir et leurs descendants ont \u00e9t\u00e9 peints par le peintre naturaliste Jacques-Laurent Agasse, sur commande de sir Everard Home,. Ce chirurgien anglais stup\u00e9fait par ce cas incontestable d\u00e9montrant la communication nerveuse m\u00e8re enfant, un cas d&rsquo;imagination maternelle !! Les peintures sont toujours visibles aujourd&rsquo;hui dans [&hellip;]<\/p>\n","protected":false},"author":1,"featured_media":0,"parent":0,"menu_order":0,"comment_status":"closed","ping_status":"closed","template":"","meta":{"footnotes":"[{\"content\":\"Thanks Celeste et St\u00e9phane \",\"id\":\"868fa427-6f46-4c93-b4f0-51a7558e88d3\"},{\"id\":\"3057c532-59ae-4364-901b-581633f00194\",\"content\":\"\"}]"},"class_list":["post-117","page","type-page","status-publish","hentry"],"_links":{"self":[{"href":"https:\/\/quagga.re\/index.php\/wp-json\/wp\/v2\/pages\/117","targetHints":{"allow":["GET"]}}],"collection":[{"href":"https:\/\/quagga.re\/index.php\/wp-json\/wp\/v2\/pages"}],"about":[{"href":"https:\/\/quagga.re\/index.php\/wp-json\/wp\/v2\/types\/page"}],"author":[{"embeddable":true,"href":"https:\/\/quagga.re\/index.php\/wp-json\/wp\/v2\/users\/1"}],"replies":[{"embeddable":true,"href":"https:\/\/quagga.re\/index.php\/wp-json\/wp\/v2\/comments?post=117"}],"version-history":[{"count":21,"href":"https:\/\/quagga.re\/index.php\/wp-json\/wp\/v2\/pages\/117\/revisions"}],"predecessor-version":[{"id":340,"href":"https:\/\/quagga.re\/index.php\/wp-json\/wp\/v2\/pages\/117\/revisions\/340"}],"wp:attachment":[{"href":"https:\/\/quagga.re\/index.php\/wp-json\/wp\/v2\/media?parent=117"}],"curies":[{"name":"wp","href":"https:\/\/api.w.org\/{rel}","templated":true}]}}