{"id":252,"date":"2024-06-28T17:25:01","date_gmt":"2024-06-28T15:25:01","guid":{"rendered":"https:\/\/quagga.re\/?page_id=252"},"modified":"2026-01-23T22:16:08","modified_gmt":"2026-01-23T21:16:08","slug":"penycuik-experiments-pr-ewart","status":"publish","type":"page","link":"https:\/\/quagga.re\/index.php\/penycuik-experiments-pr-ewart\/","title":{"rendered":"Penycuik experiments &#8211;  Pr Ewart"},"content":{"rendered":"\n<figure class=\"wp-block-image size-full\"><img loading=\"lazy\" decoding=\"async\" width=\"222\" height=\"222\" src=\"https:\/\/quagga.re\/wp-content\/uploads\/2026\/01\/J.C-Ewart-with-Burchells-zebra-CROP.jpg\" alt=\"\" class=\"wp-image-324\" srcset=\"https:\/\/quagga.re\/wp-content\/uploads\/2026\/01\/J.C-Ewart-with-Burchells-zebra-CROP.jpg 222w, https:\/\/quagga.re\/wp-content\/uploads\/2026\/01\/J.C-Ewart-with-Burchells-zebra-CROP-150x150.jpg 150w\" sizes=\"auto, (max-width: 222px) 100vw, 222px\" \/><\/figure>\n\n\n\n<figure class=\"wp-block-image size-full\"><img loading=\"lazy\" decoding=\"async\" width=\"600\" height=\"925\" src=\"https:\/\/quagga.re\/wp-content\/uploads\/2026\/01\/JamesCossarEwart.jpg\" alt=\"\" class=\"wp-image-321\" srcset=\"https:\/\/quagga.re\/wp-content\/uploads\/2026\/01\/JamesCossarEwart.jpg 600w, https:\/\/quagga.re\/wp-content\/uploads\/2026\/01\/JamesCossarEwart-195x300.jpg 195w\" sizes=\"auto, (max-width: 600px) 100vw, 600px\" \/><\/figure>\n\n\n\n<p><a href=\"https:\/\/archives.collections.ed.ac.uk\/agents\/people\/11946\">Professor James Cossar Ewart<\/a> (1882-1927)<\/p>\n\n\n\n<p>Diff\u00e9rents quadrup\u00e8des ont \u00e9t\u00e9 utilis\u00e9s dans les croisements dont Matopo, z\u00e8bre m\u00e2le qui semble aimer poser&#8230;<\/p>\n\n\n\n<figure class=\"wp-block-image size-large\"><img loading=\"lazy\" decoding=\"async\" width=\"1024\" height=\"1014\" src=\"https:\/\/quagga.re\/wp-content\/uploads\/2026\/01\/Matopofig8-1024x1014.jpeg\" alt=\"\" class=\"wp-image-322\" srcset=\"https:\/\/quagga.re\/wp-content\/uploads\/2026\/01\/Matopofig8-1024x1014.jpeg 1024w, https:\/\/quagga.re\/wp-content\/uploads\/2026\/01\/Matopofig8-300x297.jpeg 300w, https:\/\/quagga.re\/wp-content\/uploads\/2026\/01\/Matopofig8-150x150.jpeg 150w, https:\/\/quagga.re\/wp-content\/uploads\/2026\/01\/Matopofig8-768x760.jpeg 768w, https:\/\/quagga.re\/wp-content\/uploads\/2026\/01\/Matopofig8.jpeg 1388w\" sizes=\"auto, (max-width: 1024px) 100vw, 1024px\" \/><\/figure>\n\n\n\n<p><\/p>\n","protected":false},"excerpt":{"rendered":"<p>Professor James Cossar Ewart (1882-1927) Diff\u00e9rents quadrup\u00e8des ont \u00e9t\u00e9 utilis\u00e9s dans les croisements dont Matopo, z\u00e8bre m\u00e2le qui semble aimer poser&#8230;<\/p>\n","protected":false},"author":1,"featured_media":0,"parent":0,"menu_order":0,"comment_status":"closed","ping_status":"closed","template":"","meta":{"footnotes":""},"class_list":["post-252","page","type-page","status-publish","hentry"],"_links":{"self":[{"href":"https:\/\/quagga.re\/index.php\/wp-json\/wp\/v2\/pages\/252","targetHints":{"allow":["GET"]}}],"collection":[{"href":"https:\/\/quagga.re\/index.php\/wp-json\/wp\/v2\/pages"}],"about":[{"href":"https:\/\/quagga.re\/index.php\/wp-json\/wp\/v2\/types\/page"}],"author":[{"embeddable":true,"href":"https:\/\/quagga.re\/index.php\/wp-json\/wp\/v2\/users\/1"}],"replies":[{"embeddable":true,"href":"https:\/\/quagga.re\/index.php\/wp-json\/wp\/v2\/comments?post=252"}],"version-history":[{"count":5,"href":"https:\/\/quagga.re\/index.php\/wp-json\/wp\/v2\/pages\/252\/revisions"}],"predecessor-version":[{"id":325,"href":"https:\/\/quagga.re\/index.php\/wp-json\/wp\/v2\/pages\/252\/revisions\/325"}],"wp:attachment":[{"href":"https:\/\/quagga.re\/index.php\/wp-json\/wp\/v2\/media?parent=252"}],"curies":[{"name":"wp","href":"https:\/\/api.w.org\/{rel}","templated":true}]}}