{"id":43,"date":"2024-03-14T11:21:51","date_gmt":"2024-03-14T10:21:51","guid":{"rendered":"https:\/\/quagga.re\/?page_id=43"},"modified":"2026-01-23T21:43:19","modified_gmt":"2026-01-23T20:43:19","slug":"dr-camille-roux-goupille","status":"publish","type":"page","link":"https:\/\/quagga.re\/index.php\/dr-camille-roux-goupille\/","title":{"rendered":"Dr Camille Roux-Goupille"},"content":{"rendered":"\n<p class=\"has-text-align-left has-source-serif-pro-font-family\">Camille Roux-Goupille a \u00e9t\u00e9 ma\u00eetresse de conf\u00e9rences en biologie \u00e0 l\u2019universit\u00e9 Paris Est Cr\u00e9teil pendant 20 ans. Biologiste mol\u00e9culaire de formation, elle s\u2019int\u00e9resse, entre autres, \u00e0 l\u2019\u00e9volution des id\u00e9es concernant les questions d\u2019h\u00e9r\u00e9dit\u00e9 et leurs usages didactiques.<\/p>\n\n\n\n<p class=\"has-text-align-left has-source-serif-pro-font-family\"> Elle enseigne aujourd\u2019hui les sciences de la vie et de la Terre au lyc\u00e9e.<\/p>\n\n\n\n<p>Ancienne \u00e9l\u00e8ve d\u00e9sinvolte et nonchalante, elle a un petit faible pour les dipl\u00f4mes universitaires et les lieux d&rsquo;enseignements et de recherche. Cela lui a permis de rencontrer et de travailler avec tout plein de chercheurs formidables dans des laboratoires tr\u00e8s s\u00e9rieux et ainsi de participer \u00e0 des recherches dans des domaines tr\u00e8s vari\u00e9s&nbsp;<\/p>\n\n\n\n<p>Liste non exhaustive  : Institut Curie, ISV CNRS, G\u00e9n\u00e9thon, Universit\u00e9 UPEC, Ecole INA Paris &#8211; Agro Paris Tech,  UCL London, Imperial College, ENS Cachan, Laboratoire LDAR<\/p>\n\n\n\n<p>Master M2 Recherche Didactique des Sciences et Techniques,&nbsp;ENS Cachan, Universit\u00e9 Paris-Saclay, 2014<\/p>\n\n\n\n<p>Master History, Philosophy and Sociology of Science, Technology, and Medicine,&nbsp;Imperial College, UCL, CHOSTM, Londres, 2008<\/p>\n\n\n\n<p>Th\u00e8se de doctorat en Physiologie cellulaire et mol\u00e9culaire des plantes,&nbsp;Universit\u00e9 Paris XI, Orsay, 1998<\/p>\n\n\n\n<div class=\"wp-block-group is-vertical is-layout-flex wp-container-core-group-is-layout-fe9cc265 wp-block-group-is-layout-flex\">\n<p class=\"has-text-align-left\">DEA de biologie mol\u00e9culaire de la cellule,  Universit\u00e9 Paris XI- Orsay,&nbsp;&nbsp;Institut Pasteur, 1993<\/p>\n<\/div>\n\n\n\n<p class=\"has-text-align-left\"><strong>Dernier article paru :<\/strong><\/p>\n\n\n\n<p class=\"has-text-align-left\">Canac, S., Crepin-Obert, P. &amp; Roux-Goupille, C. Cross-Referenced Perspectives on Three Science Teachers\u2019 Practices Incorporating the History of Science in their Classrooms.&nbsp;<em>Sci &amp; Educ<\/em>&nbsp;(2024). <a href=\"https:\/\/doi.org\/10.1007\/s11191-024-00501-7\">https:\/\/doi.org\/10.1007\/s11191-024-00501-7<\/a><\/p>\n\n\n\n<p class=\"has-source-serif-pro-font-family\">Pour me contacter, n&rsquo;h\u00e9sitez pas :  <a href=\"mailto:camille@roux.to\">camille@roux.to<\/a><\/p>\n\n\n\n<figure class=\"wp-block-gallery has-nested-images columns-default is-cropped wp-block-gallery-1 is-layout-flex wp-block-gallery-is-layout-flex\">\n<figure class=\"wp-block-image size-full is-style-rounded\"><img loading=\"lazy\" decoding=\"async\" width=\"356\" height=\"352\" data-id=\"302\" src=\"https:\/\/quagga.re\/wp-content\/uploads\/2026\/01\/Screenshot-2026-01-23-at-21.41.34.png\" alt=\"\" class=\"wp-image-302\" srcset=\"https:\/\/quagga.re\/wp-content\/uploads\/2026\/01\/Screenshot-2026-01-23-at-21.41.34.png 356w, https:\/\/quagga.re\/wp-content\/uploads\/2026\/01\/Screenshot-2026-01-23-at-21.41.34-300x297.png 300w\" sizes=\"auto, (max-width: 356px) 100vw, 356px\" \/><\/figure>\n<\/figure>\n","protected":false},"excerpt":{"rendered":"<p>Camille Roux-Goupille a \u00e9t\u00e9 ma\u00eetresse de conf\u00e9rences en biologie \u00e0 l\u2019universit\u00e9 Paris Est Cr\u00e9teil pendant 20 ans. Biologiste mol\u00e9culaire de formation, elle s\u2019int\u00e9resse, entre autres, \u00e0 l\u2019\u00e9volution des id\u00e9es concernant les questions d\u2019h\u00e9r\u00e9dit\u00e9 et leurs usages didactiques. Elle enseigne aujourd\u2019hui les sciences de la vie et de la Terre au lyc\u00e9e. Ancienne \u00e9l\u00e8ve d\u00e9sinvolte et [&hellip;]<\/p>\n","protected":false},"author":1,"featured_media":0,"parent":0,"menu_order":0,"comment_status":"closed","ping_status":"closed","template":"","meta":{"footnotes":""},"class_list":["post-43","page","type-page","status-publish","hentry"],"_links":{"self":[{"href":"https:\/\/quagga.re\/index.php\/wp-json\/wp\/v2\/pages\/43","targetHints":{"allow":["GET"]}}],"collection":[{"href":"https:\/\/quagga.re\/index.php\/wp-json\/wp\/v2\/pages"}],"about":[{"href":"https:\/\/quagga.re\/index.php\/wp-json\/wp\/v2\/types\/page"}],"author":[{"embeddable":true,"href":"https:\/\/quagga.re\/index.php\/wp-json\/wp\/v2\/users\/1"}],"replies":[{"embeddable":true,"href":"https:\/\/quagga.re\/index.php\/wp-json\/wp\/v2\/comments?post=43"}],"version-history":[{"count":14,"href":"https:\/\/quagga.re\/index.php\/wp-json\/wp\/v2\/pages\/43\/revisions"}],"predecessor-version":[{"id":303,"href":"https:\/\/quagga.re\/index.php\/wp-json\/wp\/v2\/pages\/43\/revisions\/303"}],"wp:attachment":[{"href":"https:\/\/quagga.re\/index.php\/wp-json\/wp\/v2\/media?parent=43"}],"curies":[{"name":"wp","href":"https:\/\/api.w.org\/{rel}","templated":true}]}}